t are the prime factors of i(g)?
2, 5
Let j = 1469 - 863. List the prime factors of j.
2, 3, 101
Suppose u = -3*s + 340, 7*u - 12*u + 4*s = -1624. What are the prime factors of u?
2, 41
Suppose -4*s - 3*x + 5464 = 0, -11*x + 7*x = -4*s + 5436. List the prime factors of s.
29, 47
Suppose 3 = q, 2 = 4*o + 3*q - 3. List the prime factors of (-11790)/(-210) - o/(-7).
2, 7
Let j be -4 + (2 + 175 - -4). Suppose -5*v - 232 = 3*a, -v = 4*a + 155 + j. Let d = a - -148. What are the prime factors of d?
2
Suppose 0 = -2*p - 0*p + 6. Suppose -p*h + 4 = -h. Suppose 0 = h*y, y - 2*y = t - 12. What are the prime factors of t?
2, 3
List the prime factors of ((-1290)/90)/(2/(-288)).
2, 3, 43
Let q(k) = k**3 - 4*k**2 + 7*k - 4. Suppose 2*b + 3*n - 6 = -0*n, -b + 2*n = -3. Suppose z = 3, -b*s = 2*z - 6*z. What are the prime factors of q(s)?
2, 3
What are the prime factors of (1296/(-21))/(-4)*336?
2, 3
Let w = 1 + 3. Suppose -5*x + 23 = -w*x. List the prime factors of x/3 - 3/(-9).
2
Suppose -1 = 5*s + 3*p - 7, 0 = s + p. Let k(b) = 3*b**3 + 91. Let g be k(0). Suppose 3*v - 114 = -s*x, 3*x - 3*v = x + g. What are the prime factors of x?
41
Suppose 0*j + 135 = j. Let i be (j/(-18))/(1/(-2)). Let d = i + 14. List the prime factors of d.
29
Let w = -127 - -270. What are the prime factors of w?
11, 13
Suppose p - l + 3 = 10, -2*l = 3*p - 16. Suppose 4 = 2*v - p. Suppose -9*s = -4*s + 5*j + 10, 4*s = -v*j - 12. What are the prime factors of s?
2
Suppose 3*o - 284 = -o. Let s = o + -31. Suppose 3*w - s = 2*h, -5*w + 56 = -2*h - 8. List the prime factors of w.
2, 3
Let b be (1 - 3)*990/9*-1. Let c = -66 + b. What are the prime factors of c?
2, 7, 11
Let i(d) = d**2 + 11*d - 10. Let g be i(-12). Suppose k = 3*f - 127, 0 = g*f - 3*f + 2*k + 49. What are the prime factors of f?
41
Suppose 45*p - 1035 = 36*p. List the prime factors of p.
5, 23
Suppose 29 = -v - 42. Let d = 102 + v. Let k = -5 + d. What are the prime factors of k?
2, 13
Suppose 14*n - 26*n = -14580. List the prime factors of n.
3, 5
Let g(h) = h**2 + 3*h + 1. Let l be g(-3). Suppose -5*w = -4*d - l - 6, 0 = -w - 3*d + 9. What are the prime factors of w?
3
What are the prime factors of -5 - ((-99846)/90 - 2/(-5))?
2, 3, 23
Let h = -249 - -311. What are the prime factors of h?
2, 31
Suppose 3*k - 6*k + 2*n = -10, -k + 5*n = -12. Let y(z) = 145*z - 8. What are the prime factors of y(k)?
2, 3, 47
Suppose 463 = -1271*y + 1272*y. List the prime factors of y.
463
Let n(c) = 4*c**2 - 4*c - 2. Let m be n(2). What are the prime factors of (6 - 12)*(-41)/m?
41
What are the prime factors of ((-1)/(-3))/((-17)/1189116*-12)?
29, 67
Let j(u) = 9*u**2 - 5*u - 3. List the prime factors of j(9).
3, 227
Suppose -3*k - 359 = -4*k. What are the prime factors of k?
359
What are the prime factors of (-120)/20*(-3)/2?
3
Let s(m) = -m**3 + 15*m**2 - 15*m - 30. Let t be s(12). Suppose 0*d + 3*d + t = 3*f, -d - 358 = -5*f. What are the prime factors of f?
71
Suppose 4*h = 6*h - 3*i - 1279, 12 = -4*i. List the prime factors of h.
5, 127
Suppose 0 = 5*z - 108 - 527. Suppose 33*h - 32*h = z. What are the prime factors of h?
127
Let l = -61 - -33. Let p = l - -72. List the prime factors of p.
2, 11
Suppose 5*j = -2*k - 0*k + 20, -j + 4 = 4*k. Let r(w) = 4 + k + w - 3*w. What are the prime factors of r(-15)?
2, 17
Suppose -2118 = -19*v + 8997. List the prime factors of v.
3, 5, 13
Let b(m) = 51*m - 15. List the prime factors of b(4).
3, 7
Let m be (-23 - 1)*(-3)/6. Suppose 5*u = 8*u - 48. Suppose 0*i - 5*g = i + m, u = 4*i + 4*g. What are the prime factors of i?
2
Let d be (4 - 6)*-9 + -3. Suppose -4*i - 16 = -104. Let c = d + i. What are the prime factors of c?
37
Let s = -430 - -851. What are the prime factors of s?
421
Suppose 244 = 4*b + n + 3*n, 0 = -2*b - 5*n + 113. List the prime factors of b/(-5)*(-3 + -2).
2
Let w be ((-64)/(-48))/((-2)/(-6)). Let a(y) = 9*y**2 - w + 4 - y. What are the prime factors of a(2)?
2, 17
Let q = 851 + -480. List the prime factors of q.
7, 53
Let q be ((-16)/10)/(4/(-50)). Let m = 22 - q. List the prime factors of -7*(-10)/(0 + m).
5, 7
Suppose 5*h - 3017 = -4*a, -2*h - 4 + 6 = 0. List the prime factors of a.
3, 251
Let r(n) = 4*n**2 + 9*n + 46. List the prime factors of r(-14).
2, 11
List the prime factors of 2073 - (0 + -2)/((-25)/(-75)).
3, 7, 11
Let a = 41 - 38. Suppose -a*c - 244 - 406 = -5*l, 279 = 2*l - 5*c. What are the prime factors of l?
127
Suppose -58 = 5*o - 5463. List the prime factors of o.
23, 47
Suppose -3*a - 2*a = -75. Suppose 0 = -7*x + 8*x - a. Let s = x + 16. What are the prime factors of s?
31
Let l = 359 + -355. What are the prime factors of l?
2
Suppose 1689 = -8*f + 5361. What are the prime factors of f?
3, 17
Let f = -128 + 133. Suppose 2*i + 30 = f*i. What are the prime factors of i?
2, 5
Suppose 4*k + 4*o - 44 = 0, 3*o - 21 = 5*k - 68. Let f = k - 6. Suppose 90 = y + f*y. What are the prime factors of y?
2, 3
Let b(t) = t - 7 + 0*t + 0*t. Let v be 5*(-2 - (-19)/5). List the prime factors of b(v).
2
Let q(n) = -3*n + 45. Let k be q(0). Suppose 1224 = -37*f + k*f. What are the prime factors of f?
3, 17
Let k = 463 + 493. List the prime factors of k.
2, 239
Suppose 442*z - 11860 = 437*z. List the prime factors of z.
2, 593
Suppose -5*p + a - 6*a + 20 = 0, -2*a = -p + 7. Suppose -5*d + 4*r = -333, 0 = -3*d + r - 2*r + 193. Suppose -60 = -p*x + d. List the prime factors of x.
5
Suppose -1577 = -3*p + 79. List the prime factors of p.
2, 3, 23
Suppose 5*v - 3*g + 7*g = 2986, 1798 = 3*v + 4*g. What are the prime factors of v?
2, 3, 11
Let h(l) = -2*l**3 - 33*l**2 - 16*l + 20. Let r(p) = -4*p + 8. Let d be r(6). List the prime factors of h(d).
2, 5
Let b(t) = t**2 + 7*t - 7. Let w be b(-9). Let q = w - 9. Suppose 0*g = -3*g - q*o + 23, g = 3*o - 7. What are the prime factors of g?
5
Let m = -2 + 10. Let s(q) = -q**3 + 8*q**2 + q - 2. Let r be s(m). Let x = 21 + r. List the prime factors of x.
3
Let f(k) = -11*k**3 - 7*k**2 - 10*k - 21. What are the prime factors of f(-4)?
13, 47
Let k = -246 - -2575. List the prime factors of k.
17, 137
Let p(k) = -4*k**3 + k**2 - 15*k - 27. What are the prime factors of p(-8)?
3, 5, 7
Let f be (-5)/((-10)/12)*(-24)/(-36). List the prime factors of (f/((-48)/90))/(2/(-20)).
3, 5
Suppose 110*v = 106*v + 6764. What are the prime factors of v?
19, 89
Let g = 639 + -501. What are the prime factors of g?
2, 3, 23
Suppose -2*j = -8*j + 942. Let s = -130 + j. What are the prime factors of s?
3
What are the prime factors of (-13 + 0)*(-49565)/1495?
431
Let d(x) = x**3 - 9*x**2 + 8*x + 2. Let t be d(8). Let g be t/(0 - (-1)/2). List the prime factors of 9*(g - (-10)/(-6)).
3, 7
Let w be (180/(-2))/(2 + -3). Let b = w - 17. List the prime factors of b.
73
Suppose j + 43 = 4*l, 2*l - 12 = -j + 17. List the prime factors of l.
2, 3
Let y(h) = -225*h - 210. List the prime factors of y(-10).
2, 3, 5, 17
Let t be 5/(-3) - 33/(-9). Suppose -t*q = 3*w - 183, -w - 6*q + 61 = -4*q. What are the prime factors of w?
61
Suppose -98*j + 3128 = -90*j. What are the prime factors of j?
17, 23
Let n(y) be the third derivative of y**5/60 + y**4/12 - 2*y**3/3 - 6*y**2. Let o be n(-4). Let v = o + 32. List the prime factors of v.
2, 3
Suppose 0 = -5*r - w + 3922, -9*w + 782 = r - 8*w. What are the prime factors of r?
5, 157
Suppose -342 = 201*u - 203*u. List the prime factors of u.
3, 19
Let i = -57 + 60. Let v(c) = 46*c + 3. List the prime factors of v(i).
3, 47
Let c(v) = v**3 - 10*v**2 - 8*v - 19. Let t be c(11). Suppose -13*j - 87 = -t*j. List the prime factors of j.
3, 29
Let v(d) = -57*d**3 - 12*d**2 - 37*d - 27. List the prime factors of v(-4).
7, 73
Suppose -5*z + 676 = -1049. List the prime factors of z.
3, 5, 23
Let q be (-16)/12*(-9)/3. Suppose 3*w + 2*c = 208, -2*c = q*w - 327 + 47. List the prime factors of w.
2, 3
Let y(w) = 199*w**2 - 15*w + 58. List the prime factors of y(3).
2, 11, 41
Let w(u) = -u + 16. Let l(k) = k + 1. Let d(z) = -2*l(z) + w(z). List the prime factors of d(-3).
23
Suppose -10*h = -5*u - 2470, -8*h = -10*h - u + 486. What are the prime factors of h?
5, 7
Let q be 3 + 9*8/(-12). What are the prime factors of q - (-4 - 3) - -110?
2, 3, 19
List the prime factors of (1285 + 13 + -7)/1.
1291
Let f(l) = l**3 - 15*l**2 + 4*l + 15. Let o be f(14).